{"id":2,"date":"2024-06-16T19:20:39","date_gmt":"2024-06-16T17:20:39","guid":{"rendered":"https:\/\/smw-net.net\/?page_id=2"},"modified":"2024-06-16T19:31:31","modified_gmt":"2024-06-16T17:31:31","slug":"primer-strane","status":"publish","type":"page","link":"https:\/\/smw-net.net\/index.php\/primer-strane\/","title":{"rendered":"About &#8211; O nama"},"content":{"rendered":"\n<p>About \u2013 O nama<br>Smart Micro Waves Networking je mre\u017ea za istra\u017eivanje i razvoj iz oblasti komunikacija, IT, ra\u010dunarskog umre\u017eavanja i internet servisa na nekomercijalnoj osnovi. Mre\u017ea je nastala 2009. god u Po\u017earevcu, kao platforma zasnovana na Wi Fi nelicenciranim opsezima za be\u017ei\u010dno umre\u017eavanje. Posle 10 godna funkcionisanja, i pokrivenosti oko 90 procenata grada u pre\u010dniku od oko 5 km ve\u0107ina baznih stanica je uga\u0161ena. Razlog je, pored promene zakonske regulative, veliki napredak u razvoju internet tehnologija, odnosno brzine prenosa kod internet provajdera. Frekvencije i tehnologije koje su kori\u0161\u0107enje za rad mre\u017ee su izgubile smisao, s obzirom na ograni\u010denja u snazi baznih stanica i njihove propusne mo\u0107i naspram propusne mo\u0107i komercijalnih internet provajdera. veliki broj malih ku\u0107nih be\u017ei\u010dnih rutera je po\u010deo da unosi smenje baznih stanica, \u0161to je dodatno produbolo problem.<\/p>\n\n\n\n<p>Sem mre\u017ene platforme, na mre\u017ei SMW-NET su razvijeni korisni servisi poput platforme za deljenje i arhiviranje podataka, FTP, cloud servisi, e-mail, multimedijalni i drugi servisi, kao i FTA IP televijija i drigo. Korisnici su pristupali mre\u017ei preko Hot Spot, ili PPPoE protokola, a korisni\u010dki nalozi su bili konrolisani od strane RADIUS servera po pitanju brzine prenosa i koli\u010dine podataka u cilju ravnomerne raspodele mre\u017enih resursa.<\/p>\n\n\n\n<p>Glavni cilj zbog koga je nastala mre\u017ea \u2013 da se svima omogu\u0107i umre\u017eavanje i pristup internetu, nije vi\u0161e primaran, s obzirom na razvoj internet provajdera koji su postigli da povezivanje na \u0161irokopojasni intenternet bude dostupno na gotovo svakoj lokaciji. Osnovni nedostatak su pored cene i dugoro\u010dni ugovori o internet uslugama. Omogu\u0107avanje pristupa velikog broja ljudi internetu dovodi do sve ve\u0107ih zloupotreba, naro\u010dito u deljenju zabranjenih sadr\u017eaja, \u0161irenju za\u017enih i neproverenih vesti, besmislenih kratkih filmova i mimova, govoru mr\u017enje i netrpeljivosti. \u017delimo da kroz novu pre\u017enu platformu omogu\u0107imo edukacije iz IT oblasti i podstaknemo izgradnju novih Freelance karijerista, kao novi vid zanata, ali i da unapredimo pona\u0161anje na interneu te da se bavimo prevencijom zavisnosti od interneta.<\/p>\n\n\n\n<p>Ideja je da nova mre\u017ea bude VPN (https:\/\/bs.wikipedia.org\/wiki\/Virtualna_privatna_mre%C5%BEa) uz otvorenu mogu\u010dnost povezivanja pojedinih bliskih lokacija na drugi na\u010din. Nakon pridru\u017eivanja dovoljn og broja \u010dlanova, po\u010de\u0107emo sa aktivacijom starih i razvojem novih mre\u017enih servisa. Dobrodo\u0161li!<\/p>\n","protected":false},"excerpt":{"rendered":"<p>About \u2013 O namaSmart Micro Waves Networking je mre\u017ea za istra\u017eivanje i razvoj iz oblasti komunikacija, IT, ra\u010dunarskog umre\u017eavanja i internet servisa na nekomercijalnoj osnovi. Mre\u017ea je nastala 2009. god u Po\u017earevcu, kao platforma zasnovana na Wi Fi nelicenciranim opsezima za be\u017ei\u010dno umre\u017eavanje. Posle 10 godna funkcionisanja, i pokrivenosti oko 90 procenata grada u pre\u010dniku&#8230;<\/p>\n","protected":false},"author":1,"featured_media":0,"parent":0,"menu_order":0,"comment_status":"closed","ping_status":"open","template":"","meta":{"footnotes":""},"class_list":["post-2","page","type-page","status-publish","hentry"],"_links":{"self":[{"href":"https:\/\/smw-net.net\/index.php\/wp-json\/wp\/v2\/pages\/2","targetHints":{"allow":["GET"]}}],"collection":[{"href":"https:\/\/smw-net.net\/index.php\/wp-json\/wp\/v2\/pages"}],"about":[{"href":"https:\/\/smw-net.net\/index.php\/wp-json\/wp\/v2\/types\/page"}],"author":[{"embeddable":true,"href":"https:\/\/smw-net.net\/index.php\/wp-json\/wp\/v2\/users\/1"}],"replies":[{"embeddable":true,"href":"https:\/\/smw-net.net\/index.php\/wp-json\/wp\/v2\/comments?post=2"}],"version-history":[{"count":1,"href":"https:\/\/smw-net.net\/index.php\/wp-json\/wp\/v2\/pages\/2\/revisions"}],"predecessor-version":[{"id":11,"href":"https:\/\/smw-net.net\/index.php\/wp-json\/wp\/v2\/pages\/2\/revisions\/11"}],"wp:attachment":[{"href":"https:\/\/smw-net.net\/index.php\/wp-json\/wp\/v2\/media?parent=2"}],"curies":[{"name":"wp","href":"https:\/\/api.w.org\/{rel}","templated":true}]}}